What is the tens digit of 76756218?
1
What is the units digit of 32712157?
7
What is the ten millions digit of 2245518437?
4
What is the ten millions digit of 4245124394?
4
What is the millions digit of 458093725?
8
What is the units digit of 1984336102?
2
What is the ten millions digit of 94678517?
9
What is the thousands digit of 2656335026?
5
What is the hundreds digit of 1569408662?
6
What is the millions digit of 505227636?
5
What is the hundreds digit of 2078182564?
5
What is the units digit of 301439087?
7
What is the units digit of 582800622?
2
What is the ten thousands digit of 1260622571?
2
What is the hundreds digit of 53730158?
1
What is the hundred thousands digit of 13784152?
7
What is the units digit of 2204737818?
8
What is the ten thousands digit of 1020119501?
1
What is the millions digit of 34863636?
4
What is the tens digit of 1860077158?
5
What is the ten millions digit of 56734573?
5
What is the hundreds digit of 230140385?
3
What is the hundreds digit of 58281519?
5
What is the ten millions digit of 697982929?
9
What is the units digit of 378305732?
2
What is the hundred millions digit of 575516011?
5
What is the ten thousands digit of 52680622?
8
What is the tens digit of 632019928?
2
What is the hundred thousands digit of 1924177412?
1
What is the tens digit of 599654660?
6
What is the hundreds digit of 23810204?
2
What is the ten thousands digit of 114143814?
4
What is the ten millions digit of 69397371?
6
What is the millions digit of 108866657?
8
What is the hundreds digit of 150993951?
9
What is the ten thousands digit of 751828257?
2
What is the ten thousands digit of 5751412?
5
What is the units digit of 59241346?
6
What is the hundreds digit of 392545770?
7
What is the hundred thousands digit of 630102232?
1
What is the ten millions digit of 847735277?
4
What is the thousands digit of 400175170?
5
What is the units digit of 3105191732?
2
What is the units digit of 2559327816?
6
What is the ten thousands digit of 772976482?
7
What is the ten millions digit of 36924148?
3
What is the hundred thousands digit of 27600408?
6
What is the hundred millions digit of 1515499644?
5
What is the hundred thousands digit of 8639972250?
9
What is the hundreds digit of 174462126?
1
What is the millions digit of 535888180?
5
What is the ten millions digit of 123084212?
2
What is the hundred millions digit of 3275720497?
2
What is the hundred millions digit of 155000222?
1
What is the ten millions digit of 60072051?
6
What is the tens digit of 980594699?
9
What is the ten thousands digit of 12321803?
2
What is the hundred thousands digit of 98010012?
0
What is the billions digit of 1319684595?
1
What is the ten thousands digit of 417793514?
9
What is the millions digit of 936977620?
6
What is the hundred thousands digit of 66031235?
0
What is the thousands digit of 94659237?
9
What is the hundred thousands digit of 4171004988?
0
What is the tens digit of 275723652?
5
What is the tens digit of 915119461?
6
What is the hundred thousands digit of 162206104?
2
What is the tens digit of 266571065?
6
What is the units digit of 726261618?
8
What is the ten millions digit of 58157568?
5
What is the millions digit of 5246289108?
6
What is the hundred millions digit of 226041740?
2
What is the ten millions digit of 569260417?
6
What is the units digit of 329255649?
9
What is the millions digit of 3102265?
3
What is the hundreds digit of 21739864?
8
What is the ten thousands digit of 103118129?
1
What is the units digit of 272723943?
3
What is the hundred thousands digit of 165843663?
8
What is the ten millions digit of 185276772?
8
What is the hundred millions digit of 369536087?
3
What is the ten millions digit of 212217147?
1
What is the millions digit of 2475218183?
5
What is the units digit of 7591318655?
5
What is the hundreds digit of 2591758462?
4
What is the millions digit of 213030277?
3
What is the hundred millions digit of 771800176?
7
What is the millions digit of 123332686?
3
What is the hundreds digit of 85043426?
4
What is the ten millions digit of 247250245?
4
What is the ten millions digit of 158802606?
5
What is the thousands digit of 25976159?
6
What is the millions digit of 112746060?
2
What is the ten millions digit of 134986788?
3
What is the billions digit of 3609539269?
3
What is the millions digit of 35167453?
5
What is the thousands digit of 327354387?
4
What is the billions digit of 2265140723?
2
What is the hundred millions digit of 254762464?
2
What is the units digit of 457875275?
5
What is the millions digit of 787583533?
7
What is the millions digit of 49564672?
9
What is the hundred thousands digit of 1261485903?
4
What is the hundreds digit of 78080188?
1
What is the millions digit of 74101467?
4
What is the hundred thousands digit of 429568807?
5
What is the tens digit of 5369902893?
9
What is the ten thousands digit of 1231057053?
5
What is the ten thousands digit of 109462044?
6
What is the millions digit of 2608130056?
8
What is the ten thousands digit of 94462464?
6
What is the billions digit of 6139717635?
6
What is the thousands digit of 233796482?
6
What is the millions digit of 158578954?
8
What is the hundreds digit of 268920453?
4
What is the millions digit of 7015747?
7
What is the hundreds digit of 5822743?
7
What is the ten thousands digit of 2060206870?
0
What is the hundred millions digit of 1100911924?
1
What is the thousands digit of 824103574?
3
What is the hundreds digit of 716138?
1
What is the hundred millions digit of 240861701?
2
What is the hundred millions digit of 184347762?
1
What is the hundred thousands digit of 63823100?
8
What is the millions digit of 96534135?
6
What is the tens digit of 509707253?
5
What is the units digit of 1690069195?
5
What is the thousands digit of 146971918?
1
What is the units digit of 55325085?
5
What is the thousands digit of 44846988?
6
What is the millions digit of 2562395601?
2
What is the ten millions digit of 914072372?
1
What is the thousands digit of 530549709?
9
What is the hundred thousands digit of 290976171?
9
What is the tens digit of 51570139?
3
What is the hundred millions digit of 187700619?
1
What is the ten millions digit of 2503271319?
0
What is the hundred thousands digit of 157271090?
2
What is the hundreds digit of 409383996?
9
What is the tens digit of 52382576?
7
What is the thousands digit of 3611299989?
9
What is the units digit of 1508847713?
3
What is the hundreds digit of 40228524?
5
What is the units digit of 1123229608?
8
What is the ten millions digit of 5481366889?
8
What is the tens digit of 1967939?
3
What is the hundreds digit of 1556806644?
6
What is the millions digit of 213192186?
3
What is the tens digit of 565913711?
1
What is the hundreds digit of 348050489?
4
What is the ten millions digit of 137884834?
3
What is the thousands digit of 108816013?
6
What is the tens digit of 3086403?
0
What is the tens digit of 636960551?
5
What is the thousands digit of 134200055?
0
What is the tens digit of 550643450?
5
What is the ten millions digit of 25917748?
2
What is the units digit of 5829109623?
3
What is the ten thousands digit of 38147162?
4
What is the ten millions digit of 93591591?
9
What is the hundreds digit of 206149224?
2
What is the thousands digit of 1212457939?
7
What is the tens digit of 134863085?
8
What is the hundreds digit of 238593265?
2
What is the hundred millions digit of 872565566?
8
What is the units digit of 32205911?
1
What is the thousands digit of 286404904?
4
What is the ten thousands digit of 147528103?
2
What is the ten thousands digit of 1385365839?
6
What is the thousands digit of 239430136?
0
What is the millions digit of 63623413?
3
What is the hundred millions digit of 1519459954?
5
What is the hundreds digit of 67992440?
4
What is the ten thousands digit of 210679229?
7
What is the hundred thousands digit of 4785413?
7
What is the millions digit of 5075959967?
5
What is the hundreds digit of 155947193?
1
What is the millions digit of 8171152288?
1
What is the hundreds digit of 21613916?
9
What is the ten millions digit of 1841576091?
4
What is the hundred millions digit of 623143773?
6
What is the tens digit of 16369135?
3
What is the hundred millions digit of 650781196?
6
W